hen r is divided by ((-416)/192)/((-1)/6).
11
Suppose 0 = -9*i + 6*i + 12. What is the remainder when (-3)/(1 - i) + 30 is divided by 11?
9
Suppose -202 = 4*n - 718. Calculate the remainder when n is divided by 33.
30
Let t = 45 - 9. Calculate the remainder when t is divided by 13.
10
Let r(n) = -n**2 + 8*n - 6. Let o be r(7). Suppose 0 = 3*h - 5*x - 66, 0 = -x + o - 4. Calculate the remainder when 49 is divided by h.
15
Let b be -3*(-2)/6*4. Suppose 0 = -0*g + b*g - 20. Suppose -3*p - 4*f - 15 = -46, 4*p + g*f = 43. Calculate the remainder when 33 is divided by p.
16
Let d(y) = -2*y**3 - y**2 - 2*y + 1. Let p(l) = -l**3 - 2*l**2 + 1. Let i be p(1). What is the remainder when d(i) is divided by 10?
7
Calculate the remainder when 37 is divided by -8*(1 - 33/12).
9
Suppose -5*p = -97 + 37. Calculate the remainder when p is divided by 8.
4
Let r be (-40 + 2)*1/(-2). Suppose 2*o - r = 3. Let c = 0 - -4. What is the remainder when o is divided by c?
3
Suppose 155 + 88 = 3*o. What is the remainder when o is divided by 28?
25
Let h(c) = c**3 + 9*c**2 - c - 8. Let d be h(-9). Calculate the remainder when (-864)/80*-5*d is divided by 8.
6
Calculate the remainder when 148/8 - (-5)/10 is divided by 7.
5
Let x(v) = -3*v - 10. What is the remainder when 42 is divided by x(-7)?
9
Let u = -25 - -68. Suppose 7 = 2*n - u. What is the remainder when n is divided by 13?
12
Let s = 11 - 6. Suppose -65 = -s*y - x - x, -y = x - 10. Suppose -12 - y = -d. Calculate the remainder when 53 is divided by d.
26
Suppose 2*j + 136 = -3*u + 7*j, -2*j = 2*u + 96. Let w = 0 + 9. Calculate the remainder when (u - 4)*(-2)/6 is divided by w.
8
Let l(o) = o**3 - 2*o**2 + o. Let r be 5*((-16)/(-10))/2. Suppose 0*n = -r*d + 2*n + 14, 5*n + 17 = 4*d. Calculate the remainder when 22 is divided by l(d).
10
Let j(o) = -o**3 + 9*o**2 - 5*o + 8. Let k(h) = h**2 + 4*h + 1. Let r be k(-4). What is the remainder when j(8) is divided by (r/(-3))/(1/(-51))?
15
Let f = -5 + 9. Suppose -6*b - 160 = f*n - 4*b, b - 46 = n. What is the remainder when 25 is divided by (n/(-9))/((-2)/(-3))?
4
Let z(q) = 2 - q + 2 + 1. Let j be z(0). Suppose 0 = j*s - 63 - 17. What is the remainder when s is divided by 9?
7
Let h(n) = n**2 + 15. Suppose -2*b = -7*b - 5. Let c be b + (-3)/((-3)/1). Calculate the remainder when 43 is divided by h(c).
13
Let u be 2/((10/(-4))/(-5)). Let a(v) = 10*v - 8. Let b = 38 - 27. What is the remainder when a(u) is divided by b?
10
Let z = -36 - -24. Let f = z + 51. What is the remainder when (-3)/(-18)*4*f is divided by 9?
8
Let d(m) = m**3 - 3*m**2 + 3*m - 3. Let k be d(2). Let y(f) = -4*f. Calculate the remainder when 11 is divided by y(k).
3
Let s = 35 + -27. Calculate the remainder when 21 is divided by s.
5
Suppose -3*m = 2*b + 2*m + 8, 0 = b - 3*m + 15. Calculate the remainder when 52 is divided by (-328)/(-18) - (-2)/b.
16
Let l be 6/(-24) - (-514)/8. Suppose t = 5*t - l. What is the remainder when t is divided by 9?
7
Let t = 31 - 8. Suppose 0 = -4*g - 4*d + 28, 0*g + 5*d - t = -g. Let w = 9 - 2. What is the remainder when w is divided by g?
1
Let k(h) = 11*h**2 + 2*h - 1 - 14*h**2 + h**3 + 2*h**3 + 0. Calculate the remainder when 29 is divided by k(2).
14
Suppose 0 = 2*k - 6*k + 64. What is the remainder when 76 is divided by k?
12
Suppose 0 = 3*x + x - 220. Let s(n) = -n**3 - 6*n**2 - 7*n - 4. Let v be s(-5). Calculate the remainder when x is divided by 2/1 + 2*v.
13
Let z = 20 + 64. What is the remainder when z is divided by 45?
39
Suppose 2*g + 0*g - 16 = 0. Let d(l) = l**2 - 13. Calculate the remainder when d(-6) is divided by g.
7
Let n = -131 - -247. Calculate the remainder when n is divided by 30.
26
Suppose -5*r = -3*d - 51, 2*r - 29 - 7 = -4*d. Let b(n) = -n**2 - 10*n - 9. Let v be -7 + (-1)/(-1) + -2. Calculate the remainder when r is divided by b(v).
5
Let k be (-2)/1 + (2 - 3). What is the remainder when 2/k - (-244)/6 is divided by 8*3*14/24?
12
Calculate the remainder when 40 is divided by (-16)/(-3) - ((-100)/15 + 6).
4
Let m(c) = 8*c**3 - c**2. Suppose 5*l - 2*p + 158 - 41 = 0, -8 = 2*p. What is the remainder when (l/15)/((-2)/24) is divided by m(1)?
6
Suppose -3*p - 4*i + 0*i = 7, -4 = i. Suppose 5*k - 43 = -d, -115 = -2*d - p*d - 5*k. Calculate the remainder when d is divided by 5.
3
Let z(b) = 12*b - 22. Calculate the remainder when z(6) is divided by 17.
16
Let p(b) = -b**3 - 8*b**2 + 8*b + 2. Suppose 0*y - 3*y = -126. What is the remainder when y is divided by p(-9)?
9
Calculate the remainder when (-546)/15*(-5)/2 is divided by 23.
22
Suppose 5*x = 2920 - 1210. Calculate the remainder when x is divided by 15.
12
Suppose -2*n - 2*i + 52 = -0*n, 2*i - 104 = -4*n. What is the remainder when n is divided by 14?
12
Suppose -4*a - v = a - 174, a - 39 = 4*v. Calculate the remainder when 139 is divided by a.
34
Let k = -2 - -8. Calculate the remainder when 10 is divided by k.
4
Suppose -5*j + 3*b = -b - 158, -151 = -4*j - 5*b. Let g(x) = x**2 + 2*x - 3. What is the remainder when j is divided by g(3)?
10
Let d = 272 + -263. Suppose -3*a + 6*a - 51 = 0. What is the remainder when a is divided by d?
8
Suppose -5*y - 21 = -3*w + 7, -w + 5*y - 4 = 0. Calculate the remainder when w is divided by 6.
4
Let t be 1*-25 - (-1 + 0). Let q = t + 36. Calculate the remainder when 45 + (3 - 2)*2 is divided by q.
11
Suppose 3*u = 4*n + 2, -2*u + 9 = -0*u + 5*n. Suppose -c + 7 = d - 0*c, 4*c - 20 = 0. Calculate the remainder when u is divided by d.
0
Let f = -14 + 47. Let r(c) = -c - 1. Let j be r(-3). What is the remainder when f is divided by j/(-1 + 38/34)?
16
Calculate the remainder when ((-192)/5)/(21/(-70)) is divided by 13.
11
Let f = 52 + -29. Suppose 9 = q - 2*n - 1, 3*n = 3*q - 33. Calculate the remainder when f is divided by q.
11
Let u be (-4)/(-2) - (3 - -1). Let w = 25 + u. Suppose 2*c - 40 = -4*v, 0 = -2*v - 3*v + 20. Calculate the remainder when w is divided by c.
11
Suppose -8*z + 632 = -4*z. What is the remainder when z is divided by 40?
38
Let c = 7 - 2. Suppose 8 + c = h. What is the remainder when 37 is divided by h?
11
Let c = 11 + 5. What is the remainder when 29 is divided by c?
13
Suppose 0 = 2*m + m - 24. Suppose -3*i - 13 = -3*p + 68, -5*i = 20. What is the remainder when p is divided by m?
7
Suppose 13 = a - 2. What is the remainder when a is divided by 166/18 - 12/54?
6
Calculate the remainder when ((-184)/(-12))/((-4)/(-6)) is divided by 12.
11
Let h(l) = 2*l + 9. Calculate the remainder when h(7) is divided by (-23)/(-2) - (-2)/4.
11
Let p be 6/(-4) - (-1)/(-2). Let c be -3 + p + (-2)/(-1). Calculate the remainder when 7 is divided by (c/(-2))/((-9)/(-24)).
3
Let q(s) = -s**2 + 12*s - 4. What is the remainder when 114 is divided by q(9)?
22
Suppose -p + 5 = 2*t - 1, -4*t = -5*p + 16. Let o be 3/9*t*6. Suppose 2*m = o + 2. What is the remainder when m is divided by 1?
0
What is the remainder when 138 is divided by ((-4)/(-6))/(2/105)?
33
Suppose 965 = -5*a + z - 290, 0 = -2*z. Calculate the remainder when (-3)/15 - a/5 is divided by 26.
24
Let t be (1/2)/(1/4). Suppose -2*h = -4*x + 12, 2*x + t*x - h - 16 = 0. Suppose -i = 4*i - 15. What is the remainder when x is divided by i?
2
Suppose -3*n + 720 = -3*c - 0*c, 3*n = -4*c + 685. Suppose -a - n = -6*a. Calculate the remainder when a is divided by 24.
23
Let t = 275 - 155. Calculate the remainder when t is divided by 42.
36
Let v(x) = -x + 1. Let m be (1 - -2)*(-2 - -3). Let o(z) = -3*z**2 - 4*z + 1. Let d(b) = m*v(b) - o(b). Calculate the remainder when d(-2) is divided by 7.
5
Let u be 0 - 2 - (-18)/(-3). Calculate the remainder when 11 is divided by (-3)/(-12) + (-54)/u.
4
Let r = 16 - 17. Let b = 14 + r. What is the remainder when 37 is divided by b?
11
Suppose 3*i - n - 41 = -2*n, 3*n = 4*i - 46. Calculate the remainder when 24 is divided by i.
11
Suppose 2*p - 160 = -s + 5*p, -4*s = -4*p - 632. Calculate the remainder when s is divided by 16.
13
Calculate the remainder when 123 is divided by (-80)/(-6) - 5/(15/(-2)).
11
Suppose -2*p = -4*w - 26, 1 - 11 = -2*p - 4*w. What is the remainder when p is divided by 9?
0
Suppose 0 = -7*r - 0*r + 140. What is the remainder when (156/14)/((-2)/(-14)) is divided by r?
18
Calculate the remainder when 98 + -4 + 2 - (-1 - 0) is divided by 25.
22
Let 